7)) + -7.
2
Evaluate (-2 - (-5 - (-4 - -2))) + -4.
-3
What is 1 - -8 - 4 - (-1 + 0)?
6
What is 3 + -2 + 3 + -2 + 1?
3
Evaluate (6 + -7 - -9) + -13.
-5
Calculate -12 + (-1 - -21 - 9).
-1
What is (4 - 3 - -5) + (9 - 21)?
-6
What is the value of -2 + -2 + 6 - 6?
-4
Calculate (8 - (2 + 2)) + 0.
4
What is -3 + 0 - (27 + -30)?
0
What is the value of 0 + (6 - 6 - -5) + -3?
2
Calculate 5 - ((1 - (0 - -1)) + 11).
-6
What is the value of (-3 + -3 - (0 + 1)) + 2?
-5
What is (2 - 2 - -4) + -3?
1
What is the value of -9 - -16 - (-7 - -20)?
-6
Calculate (-10 - -4) + -4 + 9.
-1
What is the value of -4 + 7 + (4 + -4 - 6)?
-3
What is (4 - 1) + (2 - (5 + -8))?
8
What is 10 - 1 - (-12 - -10 - -9)?
2
What is the value of -11 + -11 + 12 + 10 + -2?
-2
What is 11 + -2 - -1 - (-12 + 17)?
5
What is the value of -8 + 0 + -17 + 20 - -2?
-3
What is 3 - -4 - (2 + 0)?
5
What is the value of (2 - 7) + (-1 - -3) + -1?
-4
What is the value of 1 - (-4 + 0 - -8)?
-3
What is -6 - (6 + -5) - -4?
-3
1 - ((6 - -6) + -6)
-5
What is the value of -2 + (2 - (7 - (0 + 4)))?
-3
Calculate 1 - 0 - (-51 + 51).
1
2 - ((8 - 6) + -2)
2
What is the value of (4 - 3) + 1 + -4 - 3?
-5
-7 - -2 - (0 - -1)
-6
(2 - (-2 - -3)) + 2
3
-25 + 7 + 11 - -8
1
What is 7 - (-5 - -9 - 1)?
4
(-2 + -3 - -3 - 1) + 6
3
Calculate -4 - ((0 - 1) + -2).
-1
Calculate -1 - -3 - -3 - 1 - -1.
5
What is the value of -9 - (-10 - (-6 + -1))?
-6
What is -8 + (2 - (-3 - -2))?
-5
What is the value of 3 + 6 + -10 + (0 - -6)?
5
What is 16 - 17 - (-2 - -1)?
0
What is 6 + (-1 - (4 + -6)) + -4?
3
Evaluate (-14 - -15) + -2 + -2.
-3
What is 0 + 5 - (5 - 5)?
5
-2 + 6 + -1 + 29 + -28
4
Evaluate -3 + (10 + 3 + -5 - 1).
4
(0 - -2 - (3 - -1)) + 6
4
What is 1 + 2 + 4 + -2?
5
Evaluate -181 - -174 - (-1 - -3).
-9
-11 - (-10 + 7 + -3)
-5
Calculate -2 + (0 - 3) - (-22 + 18).
-1
(4 - -1 - (-18 + 16)) + -9
-2
Evaluate 60 + -66 + (14 - 1).
7
Calculate 0 + -1 - (-6 + 4).
1
Evaluate -1 + (0 - -3) + -13 + 15.
4
What is the value of -8 - -9 - (1 - -3)?
-3
What is the value of 4 + (-1 - (0 + -1))?
4
Evaluate (1 + 11 - 11) + 2.
3
What is the value of (4 + -2 - 2 - 0) + -2?
-2
What is the value of (4 - 10 - -8) + (5 - 11)?
-4
-27 + 28 + (0 + -2 - -3)
2
Evaluate -6 + 13 + -6 - (-4 + 0).
5
Calculate -1 - 3 - (0 - (5 - 2)).
-1
(-3 - -4) + 0 - (-10 - -9)
2
-2 + -7 + (-8 - -15)
-2
What is 1 + 1 + (2 - (4 - 3))?
3
Calculate 1 + 6 + 2 + -7.
2
-5 - -14 - 1 - 5
3
What is 1 + 4 + (0 - 11) - -4?
-2
What is (-1 + -8 - -2) + 1 - -3?
-3
Calculate (21 - (1 - -13)) + -17.
-10
What is the value of -13 - -22 - 13 - (2 - 1)?
-5
What is -6 - 2 - (-12 - -10) - -3?
-3
-7 + -2 + (2 - (-3 - 0))
-4
What is (1 + -6 - -2) + 5?
2
Evaluate -8 + (-6 - (5 - 16)).
-3
What is (2 + 2 - (-1 + 2)) + -1?
2
Evaluate (1 - (3 - -2) - -11) + -3.
4
What is the value of -3 + -1 - (2 - 7)?
1
Evaluate 1 + -1 - -4 - -1.
5
What is 1 - (3 - -1) - -2?
-1
Evaluate 2 + (0 - 1 - 4) + 4.
1
What is the value of -6 + (5 - 0) + 7?
6
Evaluate 2 - (1 - (-5 - (-4 + 0))).
0
Calculate (6 - -4) + -10 - (-3 + -1).
4
Calculate -11 + 14 + (-3 - 5).
-5
-2 - (-1 + 3 - 2) - 0
-2
Calculate (1 - -2 - 0) + -2 - 1.
0
1 + -5 + 9 + -2 - 5
-2
Evaluate 1 + (-2 - 0) + 4 + 0.
3
Evaluate 7 - (4 + 1 + 6).
-4
Calculate -3 - ((-2 + 5 - 16) + 4).
6
Evaluate -9 - (-1 - 0 - 4).
-4
What is the value of (-3 - 1) + (4 + 5 - 5)?
0
What is (8 - 1) + -2 + -2 + 1?
4
(13 + -11 - (1 - 2)) + -3
0
-2 + 9 + 2 - 16
-7
Evaluate 4 - (1 + 2) - -5 - 4.
2
Calculate 17 + -15 + -2 + -6 - -13.
7
Evaluate 6 + -1 + 3 + -4 + -11.
-7
What is the value of 3 + -5 + (4 - -2)?
4
What is 5 + -7 + -1 - -1?
-2
What is -2 + -1 - (-16 + 15)?
-2
What is the value of (6 - (6 - (2 - -1))) + -4?
-1
What is the value of 5 + (-3 - -3 - 0) - 6?
-1
Evaluate 58 - 58 - (0 + -5).
5
What is (-14 - (-12 + 3)) + -1?
-6
What is the value of -9 + (2 - 0) + -40 + 46?
-1
What is the value of -2 + 4 - ((-5 - -4) + 0)?
3
What is 7 - (6 - (11 - 5) - -6)?
1
-17 + (4 - -11) - (5 + -1)
-6
Calculate 2 - (-1 + 0 + 3).
0
Calculate (-32 - -26) + (0 - -5).
-1
What is (-14 - -1) + -71 + 92?
8
0 + -1 - (-26 - -31)
-6
What is -4 - (5 - 4 - 8)?
3
Evaluate -6 + 9 + -2 + 5.
6
What is the value of 0 + (23 - 8) + -15?
0
Calculate -1 + (3 - -5) - 9.
-2
What is -3 - -9 - (2 - (5 - 5))?
4
What is 29 + -23 - (-1 + -1)?
8
What is the value of 0 - 0 - (4 + -11)?
7
5 + -20 - (-16 + 6)
-5
Evaluate -4 + 17 + -9 - -1.
5
Calculate 1 - 5 - (-1 + (-8 - -1)).
4
What is 2 - (-3 + 1 + 0)?
4
What is (9 - (4 + 8)) + 5?
2
What is (9 - (-8 + 11)) + (-1 - 3)?
2
Evaluate 2 + -6 + -5 + 7.
-2
Evaluate 1 + 0 + -6 + 2 + 3.
0
-3 - 0 - 1 - (235 - 237)
-2
Calculate -7 - (-5 + (-1 - -6) - 16).
9
Calculate -1 + 2 + (-1 - -4 - 0).
4
Calculate 1 + -7 + 42 + -39.
-3
What is -8 + 2 + 2 + (4 - 7)?
-7
Evaluate 1 - (2 - 0) - -6.
5
What is 2 - (-2 - (3 - 2))?
5
What is -6 + (4 - 2 - (-5 - -9))?
-8
What is the value of 10 + (-5 + 0 - 5)?
0
Evaluate -3 - (-5 - (-3 - 2) - 6).
3
What is the value of -14 - (-23 + 12) - (2 - -1)?
-6
(1 - 4 - 0) + 6 - 1
2
Evaluate -7 - -1 - -11 - 10.
-5
Calculate -2 - (-3 - (4 + -3 + 0)).
2
Calculate 1 - ((-3 - 0) + 5 - -1).
-2
Evaluate -4 + -4 + 2 + 3 + -1.
-4
Calculate -2 + -1 + -1 + 4 + 1.
1
Evaluate -2 + -3 + (-5 - -12).
2
Calculate -16 - ((-11 - -7) + -6).
-6
What is the value of -2 + 1 + 2 + -4 + -2?
-5
What is (7 - (7 + -2)) + (4 - 10)?
-4
Calculate (2 - (0 - -2)) + 190 + -196.
-6
Calculate -1 + (0 - (2 + 0)).
-3
What is -6 + (2 - 5 - -8)?
-1
Calculate 14 - (0 - 8 - -13).
9
What is the value of -42 + 39 - (2 + -1)?
-4
What is 3 - (-5 - -7 - 0)?
1
Calculate -2 + (-11 + 22 - 8).
1
What is -31 + 13 + 18 + 0 + -7?
-7
-1 + 2 + -6 + 2
-3
Calculate (-1 - (0 + -1 - -13)) + 5.
-8
(0 - 0) + (7 - 4)
3
What is (19 + 5 - 7) + (-7 - 1)?
9
Evaluate (0 - 1) + 21 + -18.
2
Evaluate -1 - (-8 + (5 - 12) + 8).
6
5 + -3 + -2 + 1
1
What is the value of 1 + -14 + 11 + 3?
1
What is 1 + -4 + 3 + 11 + -5?
6
Calculate -18 + 15 + 1 + 4 + 0.
2
Evaluate -14 + -1 + (-11 + 18 - 1).
-9
What is the value of (-3 - 0) + (3 - (11 + -6))?
-5
What is the value of -2 - (-5 + 8 + -3 - 2)?
0
Calculate -19 + 30 + -12 + -5.
-6
Evaluate 0 - (32 + -25 - (1 + 3)).
-3
Calculate 1 + -1 + 0 - (5 + -14).
9
-2 + 4 + 0 + -2
0
Evaluate 0 - -4 - (21 + -19).
2
Evaluate -10 + 6 + -3 - -6.
-1
What is the value of (-81 - -79 - (-4 - 0)) + 1?
3
(6 - 5) + -3 - 3
-5
Evaluate -2 + 0 - (3 + -9).
4
Calculate (-168 - -180) + (-1 - 10).
1
Evaluate -47 - -52 - (0 + -1 - 0).
6
What is the value of -10 - -10 - (0 - 3)?
3
Evaluate 7 + -13 + 7 + (3 - 10).
-6
Calculate (2 - 1) + -1 + 4.
4
What is the value of 0 + (0 - -1) - (-26 + 23)?
4
-7 + (13 - (-2 + 10))
-2
What is 0 - 2 - -4 - (1 - 2)?
3
Evaluate 4 - (4 - (7 + 4 + -6)).
5
What is -1 + (6 - (-3 - -6)) - -3?
5
What is 7 + 0 - (-13 - -23)?
-3
Evaluate 2 + -18 - ((2 - 7) + -3).
-8
2 + (4 - 7) + (0 - -1)
0
What is 9 - 10 - (2 - 0)?
-3
Calculate -12 + 7 - (-3 + 3).
-5
13 + (7 - 21 - -7)
6
(9 - 1) + -12 + 9 + -2
3
What is 8 + -4 + 2 - 5?
1
Calculate -1 - (-4 + (2 - 1)) - 0.
2
5 - 8 - (-1 + 7 - 14)
5
What is -3 - (-3 + 1 + -2 + 5)?
-4
Evaluate 1 + 4 - (5 + -1).
1
What is 2 + -8 + (-2 - (6 - 5))?
-9
What is the value of -7 + (1 - 3) + 4?
-5
Evaluate -8 + 1 + 2 + 0.
-5
Calculate 19 - 16 - (1 - 6).
8
What is -6 + -6 + 9 + 2?
-1
What is the value of (1 - 12) + 6 - -5?
0
6 + (-1 - 0) + -2
3
Evaluate -6 + 6 + 7 + -14.
-7
What is the value of -11 + -5 + -12 + 28?
0
Evaluate -8 + 4 + 4 + 2 + -2.
0
What is (9 - (0 - -4 - 4)) + -4?
5
Calculate 2 + (-6 - -2 - 3).
-5
What is the value of (-1 - -6) + -10 + (9 - 4)?
0
Calculate -6 + -1 + 1 + 4 + 4.
2
Evaluate 0 + -1 + (-5 - -6) + -2.
-2
Calculate -5 - (-23 - -21) - (-8 - -1).
4
(-6 + 7 - (0 - -3)) + 3
1
What is -2 + -3 - (0 - (-2 + 6))?
-1
-5 + (-42 + 46 - (5 - 0))
-6
What is 0 + -4 + (16 - 3) + -4?
5
Evaluate 4 + 1 + -10 - (-2 + -11).
8
What is the value of (-11 - -16 - 10) + 7?
2
Evaluate 4 + -9 + 2 - -4.
1
What is the value of -1 + 3 + 3 - (19 - 21)?
7
Evaluate -5 - (8 + (-20 - -4) + 5).
-2
2 + -4 + 1 + 1 + 2
2
-5 + (3 - 1) - (1 + 0)
-4
Calculate (-12 - -2 - (-5 + 6)) + 7.
-4
Calculate (-7 - -7) + -11 - -12.
1
What is the value of 1 + -1 + 1 + (85 - 84)?
2
What is (0 - 2) + 13 + -15?
-4
Calculate -36 + 40 + (2 - (2 + -2)).
6
What is the value of 1 - (2 - (0 + 6))?
5
What is -3 - (-8 + 4 + 3)?
-